2 divide 31046110?
False
Does 527 divide 161361603?
True
Is 3437 a factor of 81688199?
False
Is 43 a factor of 26812779?
True
Is 264643329 a multiple of 8?
False
Is 36959004 a multiple of 111?
True
Is 17060400 a multiple of 749?
False
Does 22 divide 4288151780?
True
Does 392 divide 338114?
False
Is 120405332 a multiple of 478?
True
Is 139543004 a multiple of 2618?
False
Is 18441804 a multiple of 204?
True
Does 102 divide 279153756?
False
Is 18593935 a multiple of 17?
False
Is 768 a factor of 33457825?
False
Is 5095 a factor of 473999887?
False
Is 57 a factor of 81422199?
False
Is 28 a factor of 848377460?
True
Is 980232727 even?
False
Does 10 divide 13318576?
False
Is 36 a factor of 277929396?
True
Is 1102 a factor of 349880592?
True
Is 14104889 a multiple of 8?
False
Is 157590750 a multiple of 50?
True
Is 298474628 a multiple of 2773?
True
Is 1173 a factor of 892034829?
True
Is 142 a factor of 1838638149?
False
Is 59916681 a multiple of 5?
False
Is 10327692 a multiple of 260?
False
Is 2647180 a multiple of 20?
True
Is 4235840 a multiple of 140?
True
Does 12 divide 6912828?
True
Does 742 divide 897810354?
True
Is 114 a factor of 8883499?
False
Does 5 divide 124718420?
True
Is 23336350 a multiple of 563?
True
Is 5268105 a multiple of 15?
True
Is 173 a factor of 16313727?
True
Is 18 a factor of 4475905?
False
Does 42 divide 230801405?
False
Does 103 divide 6301537?
False
Is 11989440 a multiple of 30?
True
Does 138 divide 314433663?
False
Does 1998 divide 16121862?
True
Is 13449975 a multiple of 17?
True
Is 70 a factor of 57103410?
True
Is 16678712 even?
True
Does 12 divide 394433372?
False
Is 598994750 a multiple of 1064?
False
Is 250295137 a multiple of 42?
False
Does 16 divide 274215?
False
Does 16 divide 62717780?
False
Does 433 divide 176465473?
False
Is 120 a factor of 87777480?
True
Is 524 a factor of 8803200?
True
Is 5688 a factor of 39093500?
False
Is 157 a factor of 3836769140?
True
Is 42222522 a multiple of 57?
True
Is 103804176 a multiple of 1092?
False
Does 65 divide 185649309?
False
Is 124883087 a multiple of 655?
False
Is 89 a factor of 42199617?
True
Does 38 divide 2385540340?
False
Is 2541107635 a multiple of 11?
True
Is 57061417 a multiple of 8?
False
Is 1079774174 a multiple of 33?
False
Is 25854075 a multiple of 13?
True
Is 291484692 a multiple of 2441?
True
Is 1365229930 a multiple of 679?
False
Is 203 a factor of 292523000?
True
Does 75 divide 311741183?
False
Is 15615041 a multiple of 3?
False
Does 26 divide 301044614?
True
Does 18 divide 17917236?
True
Is 30 a factor of 65911812?
False
Does 268 divide 121428924?
True
Does 3649 divide 113365669?
False
Is 149877908 a multiple of 997?
False
Is 37677563 a multiple of 16?
False
Does 52 divide 26577564?
True
Is 712432373 a multiple of 37?
True
Does 63 divide 2128677645?
False
Does 25 divide 45494466?
False
Is 5827950 a multiple of 405?
True
Is 278 a factor of 734123218?
True
Does 2893 divide 215817800?
True
Is 1452558748 a multiple of 86?
True
Is 1385714632 a multiple of 41?
False
Is 217694848 a multiple of 16?
True
Does 1550 divide 377929126?
False
Does 344 divide 14315985?
False
Does 7 divide 436577281?
True
Is 40 a factor of 823240?
True
Is 1510 a factor of 616022620?
True
Is 1296206821 a multiple of 189?
False
Is 28 a factor of 15308524?
True
Is 11106013 a multiple of 1095?
False
Is 20961682 a multiple of 14?
True
Is 101670740 a multiple of 50?
False
Does 1094 divide 34661866?
False
Does 12 divide 76190568?
True
Is 118005865 a multiple of 95?
True
Does 377 divide 2236363632?
False
Is 33414822 a multiple of 5?
False
Does 15 divide 205730768?
False
Is 880055406 a multiple of 82?
True
Is 6195 a factor of 334635315?
True
Is 203354125 a multiple of 1567?
False
Does 1142 divide 24927150?
False
Is 17 a factor of 92797135?
True
Is 17 a factor of 801258926?
True
Is 1842075543 a multiple of 1771?
True
Does 1155 divide 369534953?
False
Is 559872166 a multiple of 1358?
True
Is 531814310 a multiple of 102?
False
Does 22 divide 29721501?
False
Is 7 a factor of 575342?
False
Is 106 a factor of 4169742?
False
Does 4 divide 61975663?
False
Does 243 divide 1273955216?
False
Is 37 a factor of 106752659?
True
Is 376914420 a multiple of 30?
True
Is 1873 a factor of 59430290?
True
Is 668624544 a multiple of 1008?
True
Is 17 a factor of 1900285632?
False
Does 8 divide 2822664?
True
Is 918 a factor of 87473466?
True
Does 1448 divide 482800016?
False
Does 10 divide 43104982?
False
Is 38 a factor of 37815854?
False
Is 15989357 a multiple of 547?
True
Is 258607406 a multiple of 5741?
False
Does 122 divide 186231788?
False
Is 248583674 a multiple of 109?
False
Is 170804735 a multiple of 5?
True
Does 828 divide 6205032?
True
Is 988 a factor of 28448472?
True
Does 8 divide 41882611?
False
Is 38 a factor of 319974060?
True
Is 1470 a factor of 254143890?
True
Is 60849992 a multiple of 77?
False
Is 89 a factor of 2603878?
False
Does 11 divide 1053867221?
True
Is 19 a factor of 32364581?
True
Is 8 a factor of 316699592?
True
Is 52406474 a multiple of 136?
False
Is 159612801 a multiple of 69?
True
Is 45982351 a multiple of 85?
False
Is 101708577 a multiple of 489?
True
Is 32590440 a multiple of 18?
True
Does 28 divide 6044332?
True
Does 9557 divide 2097845796?
False
Is 13313134 a multiple of 1226?
True
Is 140 a factor of 30274300?
True
Does 16 divide 437855872?
True
Does 12 divide 543206940?
True
Is 19 a factor of 2270315229?
False
Does 236 divide 24339152?
True
Is 540907467 a multiple of 2233?
False
Does 562 divide 21806164?
False
Is 133255044 a multiple of 612?
True
Is 789 a factor of 796524693?
True
Is 3038 a factor of 4365413089?
False
Is 490 a factor of 88976650?
True
Is 368 a factor of 743256150?
False
Is 263 a factor of 199532051?
True
Does 26 divide 38050724?
False
Is 16779143 a multiple of 129?
False
Is 3800 a factor of 1714423200?
True
Does 199 divide 73919677?
False
Is 486 a factor of 390086442?
True
Does 27 divide 1808735?
False
Is 33392292 a multiple of 6?
True
Is 648 a factor of 104193696?
False
Is 24851610 a multiple of 21?
True
Is 2778 a factor of 726902592?
True
Does 88 divide 295333832?
False
Is 3867708476 a multiple of 38?
True
Does 247 divide 22716837?
True
Does 2245 divide 106763702?
False
Is 109108033 a multiple of 137?
True
Is 385482009 a multiple of 316?
False
Is 159778925 a multiple of 19?
False
Does 3 divide 5096810?
False
Is 13671993 a multiple of 15?
False
Does 5 divide 178584430?
True
Is 63 a factor of 522354672?
True
Does 211 divide 13559704?
True
Does 81 divide 19016694?
True
Does 107 divide 36240151?
True
Is 203 a factor of 1348279956?
False
Is 258 a factor of 8156670?
True
Does 614 divide 266556846?
False
Is 2105 a factor of 1157244800?
True
Does 2640 divide 161858400?
True
Does 51 divide 30943166?
False
Is 60724 a multiple of 1786?
True
Is 7 a factor of 1325622571?
True
Does 132 divide 564470114?
False
Does 3658 divide 40636722?
True
Is 251 a factor of 567009?
True
Is 48 a factor of 215228954?
False
Does 142 divide 963318060?
True
Does 10 divide 47356490?
True
Is 5675664 a multiple of 388?
True
Does 139 divide 52136316?
False
Does 165 divide 153740961?
False
Does 42 divide 42570856?
False
Is 158 a factor of 18352806?
True
Is 28 a factor of 183544592?
True
Does 2579 divide 259245327?
False
Is 3088 a factor of 21878480?
True
Is 48 a factor of 125924208?
True
Does 5 divide 394165415?
True
Is 178536537 a multiple of 177?
True
Is 735 a factor of 1224461490?
True
Is 32044717 a multiple of 717?
False
Is 231 a factor of 165469163?
False
Is 55296 a multiple of 32?
True
Does 3901 divide 815952665?
True
Is 39 a factor of 7244016?
True
Is 1917150 a multiple of 124?
False
Is 48 a factor of 25854330?
False
Is 717600 a multiple of 3?
True
Is 458 a factor of 32954474?
True
Is 76475000 a multiple of 28?
True
Does 28 divide 21154365?
False
Is 232542800 a multiple of 2800?
True
Is 282647860 a multiple of 19?
False
Is 275 a factor of 8349825?
True
Is 4 a factor of 729129642?
False
Is 3 a factor of 4241713?
False
Is 18108860 a multiple of 227?
False
Is 730102857 a multiple of 77?
False
Is 261744950 a multiple of 25?
True
Is 334319903 a multiple of 1621?
True
Is 120 a factor of 38767773?
False
Is 1094 a factor of 28968026?
True
Is 761 a factor of 1528053455?
False
Is 241 a factor of 1325418?
